 multiple of 68?
True
Is 172319070 a multiple of 76?
False
Is 43008027 a multiple of 145?
False
Is 280 a factor of 85164569?
False
Is 94 a factor of 37192510?
True
Is 218 a factor of 2966318067?
False
Is 46433303 a multiple of 5107?
False
Does 11 divide 9102116?
False
Is 277344030 a multiple of 50?
False
Is 128310956 a multiple of 124?
False
Is 61 a factor of 31763088?
False
Does 170 divide 659260?
True
Is 11 a factor of 654948855?
True
Does 131 divide 8379546?
True
Is 54013880 a multiple of 3160?
True
Does 7 divide 40305300?
True
Is 1156403921 a multiple of 98?
False
Is 142861596 a multiple of 3228?
True
Is 5 a factor of 86712397?
False
Is 2962381 a multiple of 173?
False
Does 82 divide 1647298574?
True
Is 103382348 a multiple of 2413?
False
Is 382 a factor of 132971649?
False
Is 986 a factor of 23414705?
False
Is 463 a factor of 114808721?
True
Does 13655 divide 3484701380?
True
Is 5 a factor of 10351415?
True
Is 583144210 a multiple of 13?
False
Does 94 divide 91790718?
True
Does 64 divide 287610589?
False
Is 2202945 a multiple of 39?
False
Is 433584032 a multiple of 112?
True
Is 56253764 a multiple of 28?
True
Is 6988834 a multiple of 21?
False
Is 528 a factor of 42889968?
True
Is 1312 a factor of 936985792?
True
Does 74 divide 7856549734?
True
Does 1419 divide 10375275?
False
Is 236 a factor of 76589651?
False
Is 34 a factor of 1058411025?
False
Is 288 a factor of 8666208?
True
Is 95 a factor of 1135593989?
False
Is 19 a factor of 28869274?
False
Is 17091760 a multiple of 184?
True
Does 159 divide 90448352?
False
Does 1072 divide 1381811001?
False
Does 42 divide 1111605080?
False
Is 9 a factor of 29520621?
True
Is 12 a factor of 110262540?
True
Does 8 divide 5572564?
False
Is 45 a factor of 52661520?
True
Does 2 divide 104920762?
True
Does 27 divide 67063896?
True
Is 105 a factor of 13559616?
False
Is 3246247320 a multiple of 642?
True
Is 58 a factor of 1068802624?
False
Does 25 divide 456353650?
True
Does 229 divide 53545696?
True
Is 33 a factor of 181371975?
False
Does 8 divide 2860376785?
False
Is 113652585 a multiple of 2655?
True
Does 50 divide 273529050?
True
Is 2397 a factor of 808160567?
False
Is 124 a factor of 1689654256?
True
Does 182 divide 148189132?
True
Is 84294570 a multiple of 2670?
True
Does 4 divide 6892468?
True
Is 316197263 a multiple of 3011?
False
Does 1219 divide 558337883?
False
Is 14 a factor of 102741954?
True
Does 103 divide 1273557817?
True
Is 31 a factor of 1224869622?
False
Is 1875 a factor of 156991875?
True
Is 11 a factor of 55213378?
True
Does 3 divide 276602656?
False
Does 86 divide 212135337?
False
Is 1124 a factor of 53080120?
False
Is 4442932331 a multiple of 14645?
False
Does 583 divide 11517748?
True
Is 156628800 a multiple of 960?
True
Is 52 a factor of 44123196?
True
Does 3570 divide 133464450?
True
Is 44 a factor of 833580?
True
Does 1218 divide 711791892?
True
Is 2 a factor of 125256?
True
Is 158 a factor of 129685630?
False
Does 158 divide 40475492?
True
Does 60 divide 57364380?
True
Is 1073068956 a multiple of 764?
False
Is 18 a factor of 8775098?
False
Is 11 a factor of 30229397?
True
Is 39906677 a multiple of 141?
False
Is 420165 a multiple of 102?
False
Is 68 a factor of 351287796?
True
Does 11 divide 448010977?
False
Is 24 a factor of 847711344?
True
Is 39 a factor of 3857723?
False
Does 3 divide 2706514?
False
Is 1240505340 a multiple of 12?
True
Is 2159 a factor of 859061782?
True
Is 33 a factor of 28166575?
False
Is 228 a factor of 1546806551?
False
Is 4066575 a multiple of 177?
True
Is 814122705 a multiple of 17?
False
Is 2392 a factor of 11588947?
False
Does 12 divide 31085472?
True
Does 29 divide 4593176542?
True
Is 101 a factor of 187921711?
True
Does 5208 divide 46976160?
True
Is 9617862 a multiple of 82?
True
Does 5524 divide 20438800?
True
Is 189718762 a multiple of 48?
False
Does 4116 divide 163710282?
False
Is 32778270 a multiple of 7?
True
Does 601 divide 245388300?
True
Is 88981434 a multiple of 391?
True
Is 20 a factor of 109600440?
True
Is 1606383565 a multiple of 8795?
False
Is 205031016 a multiple of 46?
True
Does 523 divide 253137995?
False
Is 2 a factor of 179730?
True
Is 1084695266 a multiple of 85?
False
Is 222430010 a multiple of 253?
True
Is 92 a factor of 253872344?
True
Does 7333 divide 1458665694?
True
Is 68 a factor of 105070458?
False
Is 592 a factor of 8849216?
True
Is 4060 a factor of 61266175?
False
Is 8618966 a multiple of 139?
False
Is 40 a factor of 672881232?
False
Is 1145205390 a multiple of 21?
True
Does 289 divide 21304851?
False
Does 294 divide 1163362060?
False
Is 26188272 a multiple of 363?
True
Is 698400027 a multiple of 9?
True
Is 1364 a factor of 9543908?
True
Does 189 divide 602229768?
False
Does 3 divide 20420843?
False
Is 323 a factor of 442199597?
True
Does 20 divide 2901450468?
False
Does 469 divide 111654879?
False
Is 6077788 a multiple of 5?
False
Does 2 divide 17186284?
True
Is 27 a factor of 11308316?
False
Is 31 a factor of 120091216?
False
Is 4811911362 a multiple of 1923?
True
Is 74214261 a multiple of 22?
False
Does 448 divide 311466176?
True
Is 1171878865 a multiple of 188?
False
Does 1774 divide 24584092?
True
Does 1106 divide 17587992?
False
Is 52802760 a multiple of 8?
True
Does 11 divide 36254409?
False
Does 85 divide 6942035?
True
Is 3849336 a multiple of 36?
True
Does 33 divide 11637845?
False
Is 1885 a factor of 1282412625?
True
Is 86 a factor of 255549504?
False
Is 202678935 a multiple of 70?
False
Does 6 divide 25549044?
True
Is 2 a factor of 222480140?
True
Does 3567 divide 193456245?
True
Is 126 a factor of 588596272?
False
Does 5306 divide 1463368270?
True
Is 324447055 a multiple of 5?
True
Is 418344081 a multiple of 61?
False
Does 9161 divide 1651462631?
True
Is 691184328 a multiple of 1684?
True
Is 39162158 a multiple of 3406?
False
Is 13 a factor of 31981846?
True
Is 1346 a factor of 196561889?
False
Is 194 a factor of 29540134?
False
Is 8 a factor of 67748572?
False
Is 217148796 a multiple of 276?
True
Does 1536 divide 51379200?
True
Is 15 a factor of 247111695?
True
Is 3108 a factor of 91424928?
True
Is 341 a factor of 39707862?
False
Does 17 divide 2149334543?
False
Is 27557254 a multiple of 79?
True
Is 18 a factor of 27895837?
False
Does 20 divide 143111672?
False
Is 5 a factor of 1343691360?
True
Is 10 a factor of 46354580?
True
Is 20126818 a multiple of 103?
True
Is 394 a factor of 386677510?
True
Does 45 divide 162967725?
True
Is 909 a factor of 145559988?
True
Is 4862063 a multiple of 7?
False
Does 57 divide 14166438?
True
Does 231 divide 433044381?
True
Is 342 a factor of 12490664?
False
Does 242 divide 69834337?
False
Does 12 divide 421471224?
True
Is 1059264 a multiple of 9?
True
Is 59 a factor of 169037048?
False
Is 33552523 a multiple of 152?
False
Is 252567504 a multiple of 42?
True
Is 25172064 a multiple of 4?
True
Does 30 divide 7776636?
False
Is 872 a factor of 162103397?
False
Is 722 a factor of 2103455487?
False
Is 32 a factor of 707275456?
True
Does 139 divide 18235827?
True
Is 41341232 a multiple of 9?
False
Does 499 divide 1455883004?
False
Does 100 divide 175125000?
True
Does 301 divide 1023099?
True
Does 617 divide 1230206576?
False
Does 736 divide 31900018?
False
Does 8196 divide 30860068?
False
Does 272 divide 210209760?
True
Is 156 a factor of 123848514?
False
Is 72929046 a multiple of 310?
False
Does 671 divide 361903850?
True
Is 61990280 a multiple of 22?
True
Does 344 divide 11784727?
False
Does 91 divide 8837376?
False
Does 4570 divide 1467060822?
False
Does 40 divide 47987926?
False
Is 274 a factor of 203832653?
False
Does 761 divide 48553322?
True
Is 16 a factor of 74467040?
True
Is 4268 a factor of 423799596?
True
Does 2 divide 22614744?
True
Does 14 divide 26793894?
False
Is 7 a factor of 339441297?
False
Is 31 a factor of 17042712?
False
Is 2381 a factor of 1634309752?
False
Does 381 divide 383914933?
False
Does 193 divide 7244983?
False
Does 13 divide 105179386?
True
Is 103899467 a multiple of 9?
False
Does 1372 divide 49054926?
False
Is 1221 a factor of 1471108419?
True
Is 946 a factor of 90714378?
False
Is 3777 a factor of 280435735?
False
Is 672553152 a multiple of 96?
True
Does 253 divide 8783654?
True
Is 5934279 a multiple of 177?
True
Is 77 a factor of 234966824?
False
